y(o) = o**3 - 16*o**2 + 41*o + 22. List the prime factors of y(14).
2, 3, 17
Suppose 3*g = 2 + 1. List the prime factors of 4*(-2 - -4)*(g - -16).
2, 17
Suppose 0 = 4*j + 27 - 3. Let a be 0 + -1 + (0 - j). Suppose -5*f + 44 + 16 = -a*x, -x - 4 = 0. List the prime factors of f.
2
Suppose 5*o = -2*r - 1547 + 8153, -4*o = 0. Suppose -r - 1347 = -15*l. List the prime factors of l.
2, 5, 31
Let t be (-2)/(-6) - (-30)/18. Suppose -t*m - 21 = -1. Let c = m - -15. What are the prime factors of c?
5
Let o = -4248 - -6642. List the prime factors of o.
2, 3, 7, 19
Let d(h) = 124*h**2 + h - 2. Let p = -49 + 50. What are the prime factors of d(p)?
3, 41
What are the prime factors of 80/12*(-294)/(-4)?
2, 5, 7
Let c = 37 + -63. Let d = -15 - c. List the prime factors of d.
11
Suppose -79*h = 800 - 18496. What are the prime factors of h?
2, 7
Let x(v) = -v**3 - 8*v**2 + 3*v + 27. Let y be x(-8). Suppose 0 = y*h + 2*z - 69 - 136, 2*h = -5*z + 155. List the prime factors of h.
5, 13
Let b be -3 + 0 - (-7 + 0). Suppose c + 2*a - 17 = 7, -b*a - 132 = -4*c. What are the prime factors of c?
2, 3, 5
Let a(g) = 191*g + 739. List the prime factors of a(16).
3, 5, 11, 23
Let g(n) = 13*n**2 + 4*n + 2. Let q(a) = 7*a**2 + 2*a + 1. Let x(o) = -6*g(o) + 11*q(o). Let k be x(2). Let l = k + 33. What are the prime factors of l?
2, 3
Let x = 6 + -4. Let n(t) = 2*t - 1. Let o be n(x). List the prime factors of ((-1)/o)/((-1)/27).
3
Let s(d) = -d**3 + 5*d - 34. What are the prime factors of s(-5)?
2, 3, 11
Suppose 0 = -185*c + 190*c - 805. List the prime factors of c.
7, 23
Suppose 4*u = -6*q + 5*q - 686, 4*q + 8 = 0. Let z = -98 - u. What are the prime factors of z?
73
Let i(s) = -s**3 + 6*s**2 - 7*s + 5. Suppose -p - p = 5*l + 15, 2*l + 5 = -p. Let h be i(p). What are the prime factors of -3 - (-22 - (2 + h))?
2
Suppose 0*t - 4*t + 2*b = 56, -3*t + 2*b = 41. Let q = t - -9. What are the prime factors of 4/q - (-276)/9?
2, 3, 5
Let p = -634 + 280. Let z = 594 + p. What are the prime factors of z?
2, 3, 5
Let d(v) = 3*v. Suppose -c - 19 = 4*w + w, c + w = -3. Let t be d(c). Let s = 8 + t. What are the prime factors of s?
11
Let r(o) = 7*o**3 + 24. Let b(m) = -6*m**3 - 24. Let a(z) = 6*b(z) + 5*r(z). Let t be a(0). Let i = t - -39. List the prime factors of i.
3, 5
Suppose 416 + 495 = r + 3*u, 0 = -2*r + 2*u + 1830. What are the prime factors of r?
2, 457
Let d(p) = -133*p - 10. Let l be d(-2). Let m = -101 + l. What are the prime factors of m?
5, 31
Suppose -18*w = -20*w + 12. What are the prime factors of 122 - (-4)/(-8)*w?
7, 17
Let r(f) = 2*f**2 - 8*f + 3. List the prime factors of r(5).
13
Let z = -57 - -38. Let k = 77 + z. List the prime factors of k.
2, 29
Let z be 1*8/4*3*1. List the prime factors of (328/12)/(z/9).
41
Let l = 116 - 120. Let y(v) be the third derivative of -v**5/60 - v**4/4 - 5*v**3/6 - v**2. List the prime factors of y(l).
3
Let q be (6 - 0)*(-38)/(-4). Let m = q + -27. Suppose 5*d + 5*n - 190 = 0, -m = -2*d + d + n. What are the prime factors of d?
2, 17
Let t = 7 + 1. Suppose 1 = m - t. Let l(o) = -o**3 + 10*o**2 - 6*o + 1. List the prime factors of l(m).
2, 7
Let z(g) = -g + 4. Let s be z(5). What are the prime factors of (-8)/2 + 12 + s?
7
Let y be (1 - -1 - 3) + 3. Suppose 2*q = 5*t + 100, -y*q - 50 = -3*q + t. List the prime factors of q.
2, 5
Suppose -176 = v - 201. List the prime factors of v.
5
Let o(h) = -2*h - 18. Let d be o(-17). Let i = d - 13. Suppose 0 = 3*n - 5*t - 97, 5*n = -3*t + i + 170. What are the prime factors of n?
2, 17
Let n(a) = 3*a + 23. Let o be n(-6). Suppose 56 = 4*u - 0*p - 3*p, o*p = 5*u - 65. List the prime factors of u.
17
What are the prime factors of ((-357)/204)/(1/(-12))?
3, 7
Let c be (-363)/(-132) + ((-18)/8)/3. What are the prime factors of (65/(-2))/((-3)/12*c)?
5, 13
Let y(w) = w**2 - 20*w + 72. Let f(v) = -4*v**2 + 80*v - 289. Let g(b) = 2*f(b) + 9*y(b). What are the prime factors of g(21)?
7, 13
Let x(g) = -11*g**3 + 4*g**2 + 5*g + 5. What are the prime factors of x(-3)?
17, 19
Let b = 2 + 0. Suppose 9 + 11 = b*g. Let l(m) = m**3 - 11*m**2 + 12*m - 2. List the prime factors of l(g).
2, 3
Suppose 50*h - 120 = 47*h. Let b(s) = -s**2 + s - 4. Let i be b(-4). Let w = h + i. What are the prime factors of w?
2
What are the prime factors of (1*-146)/((-14)/490*5)?
2, 7, 73
What are the prime factors of 853/(-8*7/(-112))?
2, 853
Let a(p) = 16*p**2 - 2. Let k be a(-1). Let q(z) = 5*z + 7. List the prime factors of q(k).
7, 11
Suppose 3*j = 3*t - 2505, -t - 3*j + 3354 = 3*t. What are the prime factors of t?
3, 31
Let q be 2 + 69 + (-4)/(-1). Suppose -q*p + 72*p + 543 = 0. List the prime factors of p.
181
Let v(x) = -x**2 + 19*x + 12. Suppose -5*o + 17 = -28. What are the prime factors of v(o)?
2, 3, 17
Suppose 5*c + 112 = -3*w, -128 = w + 3*w - 4*c. Let p = 6 - w. List the prime factors of p.
2, 5
Let w = -573 - -1114. What are the prime factors of w?
541
Let t = 59 - 100. What are the prime factors of (t/3)/((-4)/12)?
41
Suppose -14860 = 23*c - 36365. List the prime factors of c.
5, 11, 17
Let d(a) = 47*a - 128. What are the prime factors of d(50)?
2, 11, 101
Let o be 1/5*2 + (-32)/(-20). Suppose -3*p = -y - 134, -3*y + 222 = 5*p - 4*y. Suppose p = o*q + 4. What are the prime factors of q?
2, 5
Suppose -43*u + 8*u + 12880 = 0. What are the prime factors of u?
2, 23
Let t(i) = -2*i + 17. Let c be t(6). Suppose 3*q + 2*k - 122 = -2*k, 155 = c*q - 3*k. List the prime factors of q.
2, 17
Let w = 1260 - 731. What are the prime factors of w?
23
Let g(f) = -f**2 + 7*f - 4. Let s be g(5). Let r(z) be the second derivative of -z**4/12 + 5*z**3/3 + z**2/2 + 3*z. What are the prime factors of r(s)?
5
Suppose 2*l = 3*y + 36, 52 = 3*l - 7*y + 3*y. Suppose 0*s - 3*s - 5*b + 9 = 0, 3*s = -4*b + l. What are the prime factors of (-7)/(-4)*(s + 4)?
3, 7
List the prime factors of (-40)/(-70) + (-52095)/(-35).
1489
Suppose -14*l - 2236 = -20744. What are the prime factors of l?
2, 661
Let b(m) = -m**3 + 18*m**2 + 18. Let i = -24 + 41. What are the prime factors of b(i)?
307
Suppose 4*q - 16 = -g, 4*q - g - 33 = -9. What are the prime factors of -1 + 34/q + (-17)/(-85)?
2, 3
Let z = -31 + 33. List the prime factors of (2 + 19)*3 - z.
61
Suppose 0*c + 2*u = -3*c + 4, c - 1 = -u. What are the prime factors of (-1)/1*c - (-2 + -21)?
3, 7
Suppose a = 2*a - 1015. List the prime factors of a.
5, 7, 29
Suppose -c - 73 - 63 = 0. Let g = -53 - c. What are the prime factors of g?
83
Let b be (-8)/(-12) + ((-42)/(-9))/2. Suppose -t = b*t - 228. List the prime factors of t.
3, 19
Let w = 18485 - 13089. List the prime factors of w.
2, 19, 71
Let a be 142/2*(4 - 2). Suppose -5*n + 3*z + 8 = -a, 0 = 3*n - 2*z - 90. What are the prime factors of (n + (2 - -1))/1?
3, 11
Let f(y) = 6*y**2 + 63*y - 70. List the prime factors of f(15).
5, 89
Let z be -12*(-3 + (-28)/(-16)). Suppose 2*g + z = 4*h + 187, 4*g - 359 = 3*h. Suppose 0 = -5*c + 3*c + g. List the prime factors of c.
2, 23
Suppose 2*v - 164 = 5*x - 0*x, -3*x - 12 = 0. Let k be 26/6 - 1/3. Suppose t = k*t - v. What are the prime factors of t?
2, 3
Let z be (-2)/7 + (-4)/(-14). Suppose z = -3*k + 2*k + 20. Let l = -12 + k. List the prime factors of l.
2
Suppose 4*m = 3*r + 4957, 16*r = 11*r - 15. List the prime factors of m.
1237
Let k(r) = -8*r - 12. Let x be k(-4). Suppose -x*p - 201 + 2381 = 0. List the prime factors of p.
109
Suppose 5*w + 0*s - 171 = -s, -3*w - 3*s + 105 = 0. Suppose -5*o + 5*f + 350 = 0, 3*o + w = -5*f + 204. List the prime factors of o.
5, 13
What are the prime factors of (-188*(-6)/(-10))/(36/(-240))?
2, 47
Suppose 4*c + 1151 = 3207. List the prime factors of c.
2, 257
Suppose 3752 = 10*i - 6*i. What are the prime factors of i?
2, 7, 67
Suppose 2*r - 2*t - 142 = -0*r, -4*t - 144 = -2*r. List the prime factors of (-91)/r*18*-5*2.
2, 3, 13
Let d be (5/(-15))/(2/(-66)). Suppose d = -5*o - 9. What are the prime factors of o*22/(-4) - 2?
2, 5
Let v(s) = 8*s**2 - 39*s + 7. What are the prime factors of v(-5)?
2, 3, 67
Let j(n) = 19*n**2 + 10*n + 10. What are the prime factors of j(-6)?
2, 317
Let i be 1/3*(-2 - -11). Let g(y) = -4*y + 0 - y**i + 51*y**2 - 3 + 7 - 44*y**2. List the prime factors of g(6).
2
Suppose 2*r - 21 = r. Let y(i) = -8*i**2 + i**2 + 22*i**3 + r*i - 23*i**3